{"id":1796,"date":"2019-02-18T11:20:49","date_gmt":"2019-02-18T11:20:49","guid":{"rendered":"https:\/\/alexszatmari.ro\/2019\/?page_id=1796"},"modified":"2019-02-24T20:32:19","modified_gmt":"2019-02-24T20:32:19","slug":"estetica-dentara","status":"publish","type":"page","link":"https:\/\/alexszatmari.ro\/2019\/estetica-dentara\/","title":{"rendered":"Estetica dentara"},"content":{"rendered":"<p>[vc_row][vc_column width=&#8221;1\/2&#8243;][vc_column_text]<strong>Albire dinti \u2013 Fatete dentare \u2013 Coroane dentare<\/strong><\/p>\n<p>Este un concept relativ nou, realizat pentru a satisface necesitatile din ce in ce mai exigente ale pacientilor din punct de vedere estetic care pe langa dinti si parodontiu sanatos mai doresc si un zambet cat mai fermecator care sa le dea incredere in sine. Estetica dentara este arta zambetului frumos! Dintii colorati se albesc, dintii inegali se corecteaza cu fatete de ceramica, iar cei lipsa se inlocuiesc cu punti sau implanturi. Rezultatul final va fi un zambet stralucitor, plin de incredere , pentru orice varsta, pentru toata viata.<\/p>\n<p>Estetica dentara s-a nascut din dorinta oamenilor de a avea un zambet cat mai frumos. Aceasta specializare se adreseaza pacientilor care-si doresc dinti sanatosi, cat mai armonizati cu fizionomia lor si nu in ultimul rand, cat mai albi. Imaginea genereaza succesul, iar o imagine frumoasa devine perfecta cu un zambet perfect.<\/p>\n<p>Zambetul este una din expresiile chipului uman ce ne influenteaza imaginea si relatiile cu cei din jur. Increderea in sine, satisfactia unui aspect placut si carisma unei persoane joviale cucereste de la prima vedere si reprezinta\u00a0 un atu atat in mediul social cat si in cel business. Dintii albi va lumineaza chipul, emanand buna dispozitie si entuziasm in jurul dumneavoastra.<\/p>\n<p>Va asteptam in cabinetul stomatologic Dr. Alex Szatmari la o <strong>consultatie!!!<\/strong>[\/vc_column_text][\/vc_column][vc_column width=&#8221;1\/2&#8243;]<style type=\"text\/css\" data-type=\"the7_shortcodes-inline-css\">.shortcode-single-image-wrap.shortcode-single-image-fe561dbeb940a5d37b41a12d82ae183f.enable-bg-rollover .rollover i,\n.shortcode-single-image-wrap.shortcode-single-image-fe561dbeb940a5d37b41a12d82ae183f.enable-bg-rollover .rollover-video i {\n  background: -webkit-linear-gradient();\n  background: linear-gradient();\n}\n.shortcode-single-image-wrap.shortcode-single-image-fe561dbeb940a5d37b41a12d82ae183f .rollover-icon {\n  font-size: 32px;\n  color: #ffffff;\n  min-width: 44px;\n  min-height: 44px;\n  line-height: 44px;\n  border-radius: 100px;\n  border-style: solid;\n  border-width: 0px;\n}\n.dt-icon-bg-on.shortcode-single-image-wrap.shortcode-single-image-fe561dbeb940a5d37b41a12d82ae183f .rollover-icon {\n  background: rgba(255,255,255,0.3);\n  box-shadow: none;\n}\n<\/style><div class=\"shortcode-single-image-wrap shortcode-single-image-fe561dbeb940a5d37b41a12d82ae183f alignnone shortcode-single-video  enable-bg-rollover dt-icon-bg-off\" style=\"margin-top:0px; margin-bottom:0px; margin-left:0px; margin-right:0px; width:500px;\"><div class=\"shortcode-single-image\"><div class=\"fancy-media-wrap\" style=\"\"><div id=\"fb-root\"><\/div><script async=\"1\" defer=\"1\" src=\"https:\/\/connect.facebook.net\/ro_RO\/sdk.js#xfbml=1&amp;version=v3.2\"><\/script><div class=\"fb-video\" data-href=\"https:\/\/www.facebook.com\/dentistmedias\/videos\/346003065958439\/\" data-width=\"500\"><blockquote cite=\"https:\/\/www.facebook.com\/dentistmedias\/videos\/346003065958439\/\" class=\"fb-xfbml-parse-ignore\"><a href=\"https:\/\/www.facebook.com\/dentistmedias\/videos\/346003065958439\/\">Prezentare Cabinet Stomatologic Dr. Alex Szatmari<\/a><p>Z\u00e2mbetul este cel mai frumos accesoriu al nostru. Las\u0103-l pe m\u00e2na speciali\u0219tilor!Verific\u0103 restul detaliilor pe \u27a1\ufe0f www.alexszatmari.roStomatologie, Estetic\u0103 dentar\u0103 &amp; Implantologie(click HD pentru o calitate mai bun\u0103 a imaginii)<\/p>Publicat\u0103 de <a href=\"https:\/\/www.facebook.com\/dentistmedias\/\">Dr. Alex Szatmari - Stomatologie, Estetica dentara, Implantologie<\/a> pe Vineri, 9 noiembrie 2018<\/blockquote><\/div><\/div><\/div><\/div>[\/vc_column][\/vc_row]<\/p>\n","protected":false},"excerpt":{"rendered":"<p>[vc_row][vc_column width=&#8221;1\/2&#8243;][vc_column_text]Albire dinti \u2013 Fatete dentare \u2013 Coroane dentare Este un concept relativ nou, realizat pentru a satisface necesitatile din ce in ce mai exigente ale pacientilor din punct de vedere estetic care pe langa dinti si parodontiu sanatos mai doresc si un zambet cat mai fermecator care sa le dea incredere in sine. Estetica&hellip;<\/p>\n","protected":false},"author":1,"featured_media":0,"parent":0,"menu_order":0,"comment_status":"closed","ping_status":"closed","template":"","meta":[],"_links":{"self":[{"href":"https:\/\/alexszatmari.ro\/2019\/wp-json\/wp\/v2\/pages\/1796"}],"collection":[{"href":"https:\/\/alexszatmari.ro\/2019\/wp-json\/wp\/v2\/pages"}],"about":[{"href":"https:\/\/alexszatmari.ro\/2019\/wp-json\/wp\/v2\/types\/page"}],"author":[{"embeddable":true,"href":"https:\/\/alexszatmari.ro\/2019\/wp-json\/wp\/v2\/users\/1"}],"replies":[{"embeddable":true,"href":"https:\/\/alexszatmari.ro\/2019\/wp-json\/wp\/v2\/comments?post=1796"}],"version-history":[{"count":10,"href":"https:\/\/alexszatmari.ro\/2019\/wp-json\/wp\/v2\/pages\/1796\/revisions"}],"predecessor-version":[{"id":1983,"href":"https:\/\/alexszatmari.ro\/2019\/wp-json\/wp\/v2\/pages\/1796\/revisions\/1983"}],"wp:attachment":[{"href":"https:\/\/alexszatmari.ro\/2019\/wp-json\/wp\/v2\/media?parent=1796"}],"curies":[{"name":"wp","href":"https:\/\/api.w.org\/{rel}","templated":true}]}}